 147 + -157.
-3
7 - 2 - (2 + 0)
3
What is the value of 4 - (-29 + 27 - (1 + -1))?
6
Evaluate (-1 - -11 - 8) + 0.
2
Evaluate -4 - -2 - ((-6 - 1) + 0).
5
Evaluate (-8 - -4) + (-2 - (-1 - 3)).
-2
What is the value of 25 + -22 - (-1 + -1)?
5
What is 3 + (-5 - (-3 + -2))?
3
Calculate -5 - (2 - (4 + (-3 - -1))).
-5
Evaluate (1 - -10) + -1 + -7.
3
What is 6 - (1 - (-9 - -7))?
3
Evaluate -1 + (4 - -2) - 7.
-2
3 + (-8 - -6) + -1 + -3
-3
What is (2 - 17 - -6) + 4?
-5
Calculate -4 - (-8 + -4 + 6 + 2).
0
What is the value of (12 + -2 - (-5 + -3)) + -8?
10
What is the value of 11 + 9 + -15 + 2?
7
-4 + (-3 - -2) + (2 - -1)
-2
Evaluate -1 + 1 + -1 + (-20 - -15).
-6
Evaluate 0 + -2 + 23 + -25.
-4
-5 - -1 - (39 - 50)
7
What is the value of -7 + (-1 - (-7 - -4))?
-5
What is 14 + -7 - (13 - 4)?
-2
Calculate (-5 + 1 - -3) + -4 + 2.
-3
What is the value of 258 + -269 + 0 + 11?
0
-2 - (8 - 11) - (4 - 1)
-2
Calculate (1 - -4) + -89 + 84.
0
What is 1 - (-2 + 1 + -1 - -1)?
2
Evaluate (7 - 3) + -8 + 8.
4
Evaluate -131 + 146 - ((1 - 2) + 8).
8
-24 + 13 + -2 + 6
-7
What is the value of -4 - -1 - (-2 + (2 - 6))?
3
What is the value of 16 + -11 - (0 + 0 + 0)?
5
3 + (7 - (-6 - -14))
2
What is the value of 6 + -7 + 3 + -5?
-3
What is 9 + (-4 - (-8 - -8))?
5
Evaluate 1 + (4 - 2) + -1 + 1.
3
What is the value of -7 + 1 + 2 + (-44 - -43)?
-5
Evaluate (-1 - -2) + 4 + (36 - 31).
10
(-1 - 0) + -4 + 3 + 5
3
What is -9 + 2 - (26 - 28)?
-5
Calculate -4 - (0 - (1 + 3 + -1)).
-1
What is -3 - (2 - (-4 + 10)) - 4?
-3
Evaluate (3 - (-1 + 0)) + (7 - 6).
5
3 + -6 + 0 + 4
1
Evaluate -1 + 8 + (-6 - 7).
-6
(-19 - -21) + (-14 - -3)
-9
What is -22 + 18 + 2 + -2?
-4
Calculate 1 + 0 - (1 + 8 - 4).
-4
What is 1 + 0 - 4 - 0 - -7?
4
What is the value of -3 + (-2 - -2 - (2 - 0))?
-5
What is the value of (-34 - -32) + 2 + -2 + 1?
-1
What is -19 + 9 + 1 + 4?
-5
What is -14 + 17 + (-1 - 2)?
0
3 - (-4 - (3 - 10))
0
(-4 + 4 - 2) + 5
3
Evaluate -8 + (23 - 1) + 10 + -13.
11
What is the value of -7 + (-1 + 3 + 3 - 2)?
-4
Evaluate -3 - 1 - -3 - (0 + 2).
-3
-3 + 1 + 3 + -3
-2
Evaluate -5 + -5 - -5 - -6.
1
Evaluate -4 - -5 - ((-1 - 0) + 0).
2
What is the value of -4 - (4 - 4 - (-1 + 1))?
-4
What is the value of -1 - (2 - (-2 - -6))?
1
Calculate -2 + -3 - (-2 + 2).
-5
Calculate 5 + -4 + (5 - (-5 + 7)).
4
What is the value of 1 - ((-3 - -2 - -6) + -10)?
6
What is -1 + -2 - (-1 - -1) - 0?
-3
What is 0 + -4 + 0 - (21 + -29)?
4
What is the value of (2 + -8 - -15 - 3) + -7?
-1
What is (-6 - (-5 + -10)) + -1 + -3?
5
What is the value of (-1 - -1) + 0 + -4?
-4
What is 0 + 0 + (1 - 5) + -1?
-5
-11 + 1 - (-26 - -9)
7
Calculate 0 + 5 - (29 - 25).
1
Evaluate (2 - 2) + (2 - (-5 + 2)).
5
What is the value of 5 - (1 + 4 + -3 - -3)?
0
Evaluate -4 + (3 - 2) + -1 - -6.
2
What is the value of 5 - (3 - 5 - -9)?
-2
What is the value of 4 + -4 + 4 + -6?
-2
-3 - (-6 + -7 + 9)
1
Evaluate -1 - -5 - (0 - 1).
5
What is 4 + -5 + (-1 - (1 + 0))?
-3
3 + 1 - -2 - 4
2
0 - (-6 + (-4 - -11))
-1
(-5 - -4) + (0 - 3) + 4
0
What is 2 - ((1 - 0) + -2)?
3
What is the value of (1 + 4 - 0) + -4 + -4?
-3
Calculate (6 - (4 - 3)) + 5 + -5.
5
What is the value of (4 - 3) + (0 + 4 - 0)?
5
What is 1 - (-1 + 2 + -1)?
1
Evaluate 4 - (0 - -1 - 1).
4
Calculate -4 + (7 - 0 - -6).
9
Evaluate -14 - -14 - (2 + -2 + 0).
0
What is the value of 1 + 1 + 8 + -3 + -2?
5
(2 + (7 - 4) - 1) + 1
5
What is (-7 + 7 - -2) + -4?
-2
What is 1 - (8 - -4 - 11)?
0
What is the value of -8 + 15 - (11 + 1)?
-5
What is the value of (-4 - -1) + -1 - -1?
-3
What is the value of (-1 - -3) + (-6 - (-2 - -1))?
-3
What is the value of -7 + (0 - (-2 - 1))?
-4
What is 0 - (1 - -7 - (1 + 3))?
-4
3 - 2 - -1 - 1
1
-3 - 4 - -10 - 8 - -10
5
Evaluate 9 - (0 - 3 - (-5 - 0)).
7
What is (-19 - -13) + 13 + -9?
-2
What is (0 - -2) + (-1 - -3) + -4?
0
What is the value of (-5 - -2) + 4 + -2 - -6?
5
Calculate 0 + 4 - (-20 - -22).
2
What is -3 + 2 + 3 + -3?
-1
Evaluate -6 + 15 + (-6 - 2).
1
(0 - -1 - 1) + (-2 - 1)
-3
What is the value of -1 - (-4 + 2 + -10)?
11
What is the value of (3 + (-6 - -2) - 3) + 4?
0
Evaluate 4 + -9 - (-2 + -1).
-2
Evaluate (10 + (0 - 7) - -1) + -13.
-9
Evaluate (-11 - -4) + 8 + -5.
-4
-7 + -2 + 2 + 4
-3
What is the value of -4 - (4 + -2 - 6)?
0
What is the value of (0 - (-4 - -4)) + 2 + 1?
3
What is 1 + 1 + (2 - 4 - 1)?
-1
What is 10 + 11 + -27 - (0 - 6)?
0
Evaluate 2 - (2 + 1 - 6).
5
What is -1 + 1 + -2 + (7 - 3)?
2
What is 12 - (-5 - (-26 + 9))?
0
What is (-3 - (12 - 7)) + 1 + 2?
-5
Evaluate 5 - (-1 + 0 + 5 - 2).
3
What is 0 + (4 - 4 - -5)?
5
Evaluate 0 + 3 + 1 + -1.
3
Evaluate (18 - 1 - 6) + -7.
4
What is 0 + 1 + -10 + 8 + 4?
3
7 + 0 + 7 + -13
1
What is (1 - (-10 - (-4 + -1))) + 2?
8
-2 + (1 - (3 + -5)) + 0
1
-10 + 15 - (0 - -3)
2
Calculate -1 + -11 + 10 + -4.
-6
-19 + 6 + 8 - -10
5
Evaluate (-3 - (1 + -5)) + -6 + 6.
1
Calculate 0 - (-4 + 3) - (4 - -1).
-4
Calculate (-5 + 5 - 1) + -4.
-5
Calculate 16 + -8 + -5 - (-1 - 1).
5
Calculate 2 + (-2 - 1 - 4).
-5
What is (-4 - 0 - -11) + -2 + -8?
-3
What is the value of -11 - -1 - -6 - -2?
-2
Evaluate 2 + (-11 + 1 - -6) + -5.
-7
What is 2 + (-1 - 2) + -2?
-3
-15 + 15 + -1 + 0 + 2
1
Evaluate -6 + 6 + (1 - 2) + 4.
3
Calculate 0 + -1 - (3 - 4) - -2.
2
What is the value of 7 + (2 + -13 - -5)?
1
What is the value of -16 - (-15 + 5 + 2) - -8?
0
Evaluate (8 - 27) + 14 - (-7 + 1).
1
10 + 3 + -10 - (-4 + 0)
7
-2 + (4 + -2 - (1 - 3))
2
What is -5 + (6 - -2 - (-1 - -5))?
-1
Calculate -3 - -6 - (6 - 1) - -2.
0
Calculate -13 - -24 - (-2 - (-2 + -5)).
6
Evaluate -13 - (1 + -8) - -7.
1
Calculate (-1 + -4 - (0 - 10)) + 3.
8
What is -5 - -2 - (0 + -8)?
5
Evaluate 1 + -1 + 7 + (-11 - -8).
4
What is 4 - (-1 + -5 + (-8 - -13))?
5
What is the value of 7 - (13 + 2 + -9)?
1
What is 3 - (-9 - 8 - -11)?
9
Evaluate (-1 - -24) + (101 - 115).
9
What is 4 - (8 + 3 + -1) - -3?
-3
(7 - 6) + (2 - 1)
2
Calculate -4 + 1 + 5 + 0 - 5.
-3
What is (13 - 18) + (12 - (0 + 2))?
5
What is -10 - ((-12 + 7 - -1) + -3)?
-3
Calculate 1 + 0 - (0 - -4) - 1.
-4
Calculate 1 + 5 + (6 - 9) + 0.
3
What is 6 - -2 - 2 - 7?
-1
Evaluate 5 - 4 - (3 + -1 - 4).
3
Evaluate -1 - 7 - -4 - -4.
0
What is the value of (-8 - -12) + -5 + 0 + 1?
0
What is the value of 65 + -71 + 1 + -1 + 2?
-4
What is the value of -2 - (-3 + 3) - (1 + -4)?
1
What is (-2 - 0) + (6 - 2)?
2
-5 - -10 - (5 - 6)
6
1 + 6 - (-68 + 85)
-10
What is 1 + (0 - 4) - -11 - 3?
5
Evaluate (-9 - (-22 - -12)) + (-12 - -2).
-9
Calculate -1 + 1 + (7 - 5 - 2).
0
Calculate 7 - 1 - 2 - (0 - 0).
4
What is 11 + -6 - (3 + 2 - -1)?
-1
-7 + -3 + 8 + 4 + 0
2
What is the value of (-1 - 1 - (-21 - -13)) + -5?
1
Evaluate -3 - (-8 + 6 + 5).
-6
-1 + 8 - (-2 - (0 + -4))
5
Evaluate 3 + -2 - 2 - 2.
-3
-10 + (9 - 15) + 13
-3
(6 + -3 - -1) + -8
-4
(-7 + 4 - 1) + 2
-2
What is the value of (1 - 3) + -2 + 3?
-1
What is 0 + -4 - (3 + -8 - -4)?
-3
What is the value of 2 - 4 - 2 - 0 - -2?
-2
What is (12 - 1) + -2 + -12?
-3
What is (-6 - (-7 - -2)) + (2 - 3)?
-2
Evaluate 1 - 3 - -6 - 11.
-7
What is the value of 5 - (9 + (5 - 4) + -5)?
0
What is the value of 1 - (5 - (6 + -4)) - -3?
1
Evaluate 3 + 3 + -12 - (-5 + 2).
-3
What is the value of (-14 - (-6 + 1)) + 4?
-5
Evaluate -4 + 1 + 0 + 7.
4
What is the value of 3 + -7 - (4 + (-1 - 2))?
-5
Evaluate 10 - (12 + -3 + -2 + -2).
5
What is -9 + 2 + 13 - (13 + 0)?
-7
Evaluate -1 + 6 - 4 - -2.
3
Calculate -4 - 1 - (-9 - -2) - 2.
0
-2 + 4 + 8 + -5
5
What is the value of (-6 - (1 - (2 + 3))) + 1?
-1
What is 0 + 2 - (-2 - (10 - 13))?
1
Evaluate 5 + -1 - (-40 + 45).
-1
(20 - 18) + (-1 - 3) + -2
-4
Evaluate 1 + -8 + (24 + -9 - 8).
0
What is the value of -2 - (-1 - (-1 - -2) - 2)?
2
Evaluate -2 + (4 + 6 - 15).
-7
-38 + 46 + (-1 - (-1 - 0))
8
Calculate 13 + -12 + 1 - (-1 + 1).
2
Evaluate 8 + -10 + 4 + -1.
1
Calculate 0 - 1 - (-19 - -14).
4
-3 + -2 - (15 + -13)
-7
What is 1 + -3 - (-5 + (1 - -5))?
-3
-3 - (-3 - (-3 - (0 + -1)))
-2
2 + 6 + -2 - (4 - -8)
-6
-20 + 28 - (0 + 0 - -3)
5
What is the value of 2 + (2 - 0) + 1?
5
-7 + (4 - (3 + 9 - 7))
-8
Calculate 2 + 1 - (0 + 7).
-4
What is the value of 4 + -7 + -4 - 0?
-7
What is -12 + -8 - -17 - (1 + -8)?
4
What is the value of 3 + 0 + 0 - (-23 + 21)?
5
What is the value of -3 - (0 + -5 - 2)?
4
Evaluate -3 + 6 + -5 + -7 + 1.
-8
What is (-3 - -4) + -6 - -1?
-4
What is -2 + -11 + 8 + 3 + -2